 -490. Let h = -109 + n. What are the prime factors of h?
2, 17
Let t be (-87)/(-24) - 6/(-16). Suppose t*c + 189 = n, 66 = n + 2*c - 135. List the prime factors of n.
197
What are the prime factors of ((-6678)/147)/(((-5)/42)/5)?
2, 3, 53
Suppose 28 = -2*v - 4*g + 138, 2*g + 80 = 2*v. Let z be (4/2)/(18/v). Suppose 8 = z*w - 22. List the prime factors of w.
2, 3
Let g = 1153 - 808. Suppose 10*x - 7*x = g. List the prime factors of x.
5, 23
Let o(k) = k**2 + 8*k + 9. Let y be o(-7). Suppose -9 + 5 = -y*w. List the prime factors of (4 + -58)/(-1) - w.
2, 13
Suppose -5 = -0*j + 2*j - 3*d, 0 = 3*j - 3*d. Let c = j - -8. Suppose 4*v - c = 7. What are the prime factors of v?
5
Let g(r) = 2*r + 2. Suppose 0 = -z - 3*z + 2*k + 6, 3*k - 1 = z. Suppose x = z*j + 3*x, x = 0. What are the prime factors of g(j)?
2
Let m(x) = -x**3 + 7*x**2 - 3*x + 9. Let w be m(7). What are the prime factors of 15*(4/w - -2)?
5
Let l = 57 + -81. Let a = l - -18. List the prime factors of (a/(-4) + -2)*-86.
43
Let h be (-2)/9 - 13832/(-117). What are the prime factors of 3/5*(-3 + h)?
3, 23
Let h(o) = -o**2 + 8*o + 1. Let p be h(8). Suppose 0*z + 4*z = -2*f + 10, z - 3*f = -p. Suppose -18 = g - z*g. What are the prime factors of g?
2, 3
Suppose g = 4*g. Let d be -3 + (-1 - (-4 - g)). What are the prime factors of (-60)/(-50)*(d - -20)?
2, 3
Let i = 14 + -11. Let l = i + 1. Suppose -l*p + 52 = -32. What are the prime factors of p?
3, 7
Suppose i - 2 = a - 54, -4*a - 4*i = -176. Suppose 232 - 66 = -3*x - 2*o, -x + 3*o = a. List the prime factors of x/(-21)*(-42)/(-9).
2, 3
Suppose 3*r = o - 15, r + 2*o + 3*o + 5 = 0. Suppose -n - 30 = -2*n. Let y = r + n. List the prime factors of y.
5
Let b = -105 - -103. What are the prime factors of 9405/63 - b/(-7)?
149
Suppose 3279 = 2*x - 9*z + 4*z, -2*z = 4*x - 6522. What are the prime factors of x?
2, 3, 17
Let n(w) = -141*w - 39. What are the prime factors of n(-4)?
3, 5, 7
Suppose -12*i = -406 - 470. List the prime factors of i.
73
Let c be (-26)/(-5) - 1/5. What are the prime factors of -24*3/((-45)/c)?
2
Let h = 171 + 175. List the prime factors of h.
2, 173
Let d = 169 - 11. List the prime factors of d.
2, 79
Let r = -83 - -132. What are the prime factors of r?
7
Suppose -5947 = 12*c - 23227. List the prime factors of c.
2, 3, 5
What are the prime factors of 15361/5 - ((-65)/5)/(-65)?
2, 3
Let s(q) = 2*q**2 + 9*q + 9. Let j(w) = -w**2 - 5*w - 5. Let k(g) = -7*j(g) - 3*s(g). What are the prime factors of k(4)?
2, 7
Suppose 8*y - 3*h + 11708 = 12*y, 4*y = 4*h + 11736. What are the prime factors of y?
2, 5, 293
Suppose 18 = 4*n - q - 1, -4*q = n + 8. Suppose -n = -2*p - 3*k + 1, 4*k = -5*p + 2. Let x(b) = 4*b**2 + 2*b + 3. List the prime factors of x(p).
3, 5
Suppose 0 = -5*z + 2*z + 3. Let d be z/(2 + 258/(-130)). Let r = d - 41. What are the prime factors of r?
2, 3
Let y = -21 + 21. Suppose 4*l + 4*u = -l - 2493, -l + 3*u - 491 = y. What are the prime factors of 32/(-176) + l/(-11)?
3, 5
Let b = 1017 + -561. What are the prime factors of b?
2, 3, 19
Let s be (-2 - -3) + 2 + 1. Suppose 5*v + 5*j = 303 - 83, -s*j = 2*v - 88. List the prime factors of v.
2, 11
Let x(d) = -6*d**2 + 117*d + 7. What are the prime factors of x(14)?
7, 67
Suppose 0 = -2*h - g + 3, h + 0*g = g. Suppose 2*a = -5*o + 17 + 18, 0 = -5*o + 5. Let l = a + h. List the prime factors of l.
2
Suppose -n + 4*h + 5 = 3*h, -h = 0. Suppose -a + n*w + 26 = 0, -62 = -3*a - 4*w + 35. List the prime factors of a.
31
Suppose 72*f - 78*f = -19968. List the prime factors of f.
2, 13
Suppose 48 = 2*n - 28. Let f be (1 - (n - 4)) + -1. Let m = -22 - f. List the prime factors of m.
2, 3
Let r = 2563 + -181. What are the prime factors of r?
2, 3, 397
Let v be 29/3 + 8/(-12). Let t(j) = -3 + 6 - j**2 + 10*j - 1. What are the prime factors of t(v)?
11
Let a = -13 + 16. Suppose -287 = -4*f - a*f. List the prime factors of f.
41
Suppose 426*s - 429*s + 3030 = 0. What are the prime factors of s?
2, 5, 101
What are the prime factors of (11/(33/(-6174)))/(-4 - -2)?
3, 7
Let u(f) = -f + 7. Let p = -18 + 21. Let l be u(p). Suppose l*q + 0*q - 128 = 0. List the prime factors of q.
2
Suppose -3*h = 3*a + 3, 0*a - 2*a = 2. Let u be (h + -2)*(2 + -15). Let r = 74 - u. List the prime factors of r.
2, 3
Let j = 45 - 74. Let f = 56 + j. Let d = f - 18. What are the prime factors of d?
3
List the prime factors of (-357)/(-11) + 48/88.
3, 11
Suppose -o + 6*o + 25 = 0, 0 = -2*t + 3*o + 127. Let l = t - 24. List the prime factors of l.
2
Suppose 0 = 1021*j - 1019*j - 482. What are the prime factors of j?
241
What are the prime factors of (-8)/60 + 304/30?
2, 5
List the prime factors of 5/(-3)*((-64255)/25 - 23).
2, 2161
Let t = -80 + 80. Suppose t*w - w + 80 = 0. List the prime factors of w.
2, 5
Suppose -r + 181 = -12*v + 9*v, 0 = 2*r + 5*v - 373. What are the prime factors of r?
2, 23
Let n(x) = -171*x + 70. What are the prime factors of n(-6)?
2, 137
Let h(w) be the third derivative of w**9/15120 - w**8/10080 + w**5/15 + 6*w**2. Let u(q) be the third derivative of h(q). What are the prime factors of u(2)?
2, 3
Suppose 4*k = i - 701 + 8676, i - 5990 = -3*k. Suppose -k = -25*l + 10*l. List the prime factors of l.
7, 19
Let a(k) = -9*k**3 - 2*k + 1. Let o be a(1). Let u be 4/o + 22/5. Suppose u*n - 24 = 2*n. What are the prime factors of n?
2, 3
Let i(c) = -c**3 + 2*c + 1. Let r be i(2). Let q = r + 9. Suppose w = q*w - 95. List the prime factors of w.
19
Suppose u + 5 = 3*y - 3, 4*u - 12 = y. Suppose u*b + b = 5, 5*b = 3*r - 205. Suppose 2*j - 44 - r = 0. What are the prime factors of j?
3, 19
Let n(o) = o**3 - 9*o**2 - 8*o - 12. Let r be n(10). Let t = r - 8. Suppose -93 = -t*v - 3*v. What are the prime factors of v?
31
Suppose 4*i + 4*p = 1248, i - 22 - 278 = 3*p. What are the prime factors of i?
3, 103
Let j(h) = h**3 + 11*h**2 + 2*h + 14. Let o be j(-11). Let z(t) = -6*t - 15. Let r be z(o). Suppose 5*a = 57 + r. What are the prime factors of a?
2, 3
Suppose 0 = -9*h + 2 - 2. Suppose -z - 4*x = -189, 4*x = -h*z + 3*z - 519. What are the prime factors of z?
3, 59
List the prime factors of -8*(-2 - -1) + 589.
3, 199
Suppose 0 = 43*m - 64*m + 16926. What are the prime factors of m?
2, 13, 31
Let k = 34 + -19. Suppose p - 23 + k = 0. List the prime factors of p.
2
Suppose 2*m = 5*o - 7, -3*o - 7 = -0*o - 4*m. What are the prime factors of 2 + 546/o - (-10 - -12)?
2, 7, 13
Let c(u) = u**3 + 11*u**2 - 6*u - 9. Let b be c(-12). Let r = b + 219. What are the prime factors of r?
2, 3, 23
Let h = 10 - 9. Let y be h/(108/52 + -2). Suppose a - y = -4*g + 24, 2*a = -2*g + 20. What are the prime factors of g?
3
Suppose -t + 1 = -3*n + 3*t, 5*n = 5*t + 5. Suppose -5*q + 215 = -5*d, 0 = -0*q + n*q + 2*d - 215. Suppose 0 = -2*y + 3*y - q. List the prime factors of y.
43
Let i = -80 + 84. Suppose -5*p - 107 = -i*n, 3*n - 31 = 4*p + 49. List the prime factors of n.
2, 7
Suppose 2*m = 6 - 2. Suppose 4*p - m*s = 145 + 89, -4*s + 170 = 3*p. Let v = -35 + p. List the prime factors of v.
23
Let q be (44/10)/((-1)/5). What are the prime factors of (-6)/(-33) - 1800/q?
2, 41
Let r(t) be the first derivative of 13*t**4/2 + 2*t**3/3 - t**2/2 + 23. List the prime factors of r(2).
2, 107
Suppose 0 = 4*w + 2*w - 12. Let p(n) = 10*n**3 - 3*n**2 + 4*n - 1. What are the prime factors of p(w)?
3, 5
Let x be 85/(-15) + 1/(-3). Let g = x - -12. Suppose 0 = y - 7 - g. List the prime factors of y.
13
Let c = -4 + 9. Suppose 2*s + s = -2*r + 192, -c*r - 5*s + 470 = 0. List the prime factors of r.
2, 3, 5
Suppose -f + 340 = 4*k - 230, 5*k = 3*f + 704. List the prime factors of k.
2, 71
Let o = -83 + 85. Let u(q) = q**2 - 2*q + 1. Let x be u(2). What are the prime factors of 48/2 - (o + x)?
3, 7
Let p(a) = a**2 + 8*a + 5. Let x be p(-8). Let h(b) = 0*b - 6*b - x*b + 10*b + 57. List the prime factors of h(0).
3, 19
List the prime factors of 0/3 - 14*(-753)/6.
7, 251
Suppose -15*p + 5*p = -970. Let j = p - -162. What are the prime factors of j?
7, 37
Let b = -1748 - -2855. List the prime factors of b.
3, 41
Suppose 0 = 2*i - 2*p - 4, 0*i + 2*i + 2*p = 16. Suppose -72 = 2*j + k - 305, i*k + 330 = 3*j. Suppose 6*q - 11*q + j = 0. List the prime factors of q.
23
Let h = -259 - -139. Let d = h + 173. What are the prime factors of d?
53